-9*k - 4. Let d(h) = 6*m(h) - 7*z(h). Let f be d(p). What is the highest common factor of f and 13?
13
Suppose 2*u + 14 = -4*c, -2*c + 18 = -0*c - 4*u. Let r(n) = -8*n**3 + n**2 + 2*n + 1. Let l be r(c). Calculate the greatest common divisor of l and 72.
8
Let h = 154 + -106. Calculate the highest common factor of 6 and h.
6
Let o(w) = 21*w**2 - 2*w + 1. Let h be o(1). Calculate the greatest common factor of h and 40.
20
Let v = -7 - -7. Suppose -2*s = 4*u - 20, 2*u - 16 = -2*u. Suppose v = -x + 2*x + s, -5*y + 5*x = -220. Calculate the highest common factor of 6 and y.
6
Let f be 2 - 2 - 0 - -2. Suppose 4*j + 5 = 3*z, j + 11 = 4*z - 0*j. What is the highest common divisor of f and z?
1
Let i be (48/9 - 2)*-3. Let j = i + 18. Calculate the highest common factor of 16 and j.
8
Let j be (1 - -1)*(-47)/(-2). Let x = 97 - j. What is the highest common factor of x and 10?
10
Suppose 2*u - 45 = -3*u. Let y(k) = 3*k**2 - 4*k + 3. Let a be y(3). What is the highest common factor of u and a?
9
Suppose -5*v - 242 = -2*g, 5*v = 2*v + 3*g - 138. Let q be 2 + -1 - v/2. What is the highest common factor of q and 26?
26
Suppose -4*s + 4*j + 36 = 3*j, -2*s = -j - 16. Let h be 1*-1*30/(-6). Suppose h*g = g + 80. Calculate the greatest common divisor of s and g.
10
Let v(d) = -d**2 - 2*d - 1. Let c be v(-5). Let h = c + 40. Let a = -3 - -7. What is the greatest common divisor of h and a?
4
Suppose 0 = 11*b - 14*b - 12. Let j be 2/(-8) + (-129)/b. Calculate the greatest common factor of j and 16.
16
Let c(n) = -n**2 + n + 4. Let k be c(0). Suppose 39 = k*t - 5. What is the greatest common factor of 121 and t?
11
Let c be -2 + (0 - -1) + 56. Let u = -2 + 13. What is the greatest common factor of c and u?
11
Let g(m) = -m**2 + m + 3. Let j be g(0). Suppose 2*y = 5 + j. What is the greatest common divisor of 12 and y?
4
Let y be (-6)/1*7/(-2). Calculate the highest common divisor of 14 and y.
7
Let l(k) = k**3 - k**2 - k + 26. Let s be l(0). Suppose 0 = 5*f - s - 14. Calculate the greatest common factor of f and 16.
8
Let h(a) = 3*a**2 - 8*a + 7. Let z be h(3). Calculate the highest common factor of z and 90.
10
Suppose -s + 2*s + 2*z - 563 = 0, 4*s + 3*z - 2272 = 0. Suppose 3*f + k - s = 3*k, -5*f - 4*k = -937. Calculate the greatest common factor of 21 and f.
21
Let o = 36 - 29. Calculate the greatest common factor of 7 and o.
7
Let v(u) = u**2 + 4*u + 7. Suppose 2*t + 8 = -2. Let g be v(t). Suppose 106 + 86 = 4*q. What is the highest common factor of q and g?
12
Suppose 2*y + 12 + 59 = -5*c, 4*y = 4*c + 40. Let o = c + 31. Calculate the highest common divisor of o and 27.
9
Suppose -3*i + z = 2*i - 398, 0 = -2*i + 5*z + 150. Calculate the highest common divisor of 16 and i.
16
Suppose 0 = 4*r + r. Suppose r = 5*q - 286 - 514. What is the highest common divisor of 20 and q?
20
Let m = 216 - 45. Calculate the highest common divisor of m and 19.
19
Let s = -29 + 75. What is the highest common divisor of s and 69?
23
Let b(s) = 4*s - 18. Let j be b(6). Calculate the greatest common factor of 2 and j.
2
Let v be 9*(-4)/(-6) + 2. Suppose 18 = -4*o - 2. Let m = v + o. Calculate the highest common factor of m and 33.
3
Suppose x + 4 = -1. Let h be (-2)/(-1)*x/(-2). Suppose -24 = 2*d - h*d. Calculate the highest common factor of 2 and d.
2
Let p = -20 + 28. Let w = p + -2. What is the highest common factor of w and 30?
6
Let f = 78 + -22. Let p be (4/(-6))/((-2)/9). Suppose 0 = -g - p*g + f. What is the highest common divisor of 14 and g?
14
Suppose 4*w + 7 = -3*s + 39, -2*w + s + 6 = 0. Suppose 0 = -w*t - 19 + 4. Let k be (-242)/(-4) + t/6. Calculate the highest common factor of 40 and k.
20
Let d be 0 - ((-4)/34 + 4872/(-204)). Calculate the highest common factor of 120 and d.
24
Let d(j) = j**2 - 6. Let u be d(-5). Let m = -9 + u. What is the highest common factor of m and 5?
5
Let y(a) = -3*a + 9. Suppose 5 + 1 = z. Let k be y(z). Let n = -5 - k. What is the highest common divisor of n and 10?
2
Suppose -r = 2*n - 2*r - 819, 5*n + r - 2030 = 0. Calculate the highest common divisor of n and 37.
37
Suppose m + 4*l = 12, 4*m = -2*l + 4 + 86. What is the highest common factor of m and 96?
24
Let v = 1 - 0. Suppose 4*k - v + 17 = 0. Let q(b) = b + 5. Let u be q(k). Calculate the greatest common factor of u and 9.
1
Let w = 0 - -12. Calculate the highest common factor of w and 24.
12
Suppose b = -2*b - s + 73, 0 = -2*b + 4*s + 44. What is the highest common factor of 60 and b?
12
Suppose -3*f = -7*f. Suppose f = 2*h - h - 6. Let m = 12 - h. What is the highest common divisor of m and 54?
6
Let i(p) = -p**2 - 9*p + 24. Let n be i(-8). Calculate the greatest common divisor of 320 and n.
32
Let b be 19/5 - (-4)/(-5). Calculate the highest common divisor of 27 and b.
3
Let i be (62/5 + -2)*5. Let t(m) = 2*m**2 - 4*m - 5. Let h be t(-5). Suppose -7*j + h = -2*j. Calculate the highest common factor of j and i.
13
Suppose 4*o + 3*h + 291 = 0, 5*o - 4*h + 256 = o. Let f = -41 - o. Let g be (-3)/(-12) + 15/4. What is the greatest common divisor of f and g?
4
Let w(b) be the third derivative of b**5/60 + b**4/12 - b**3/2 - 4*b**2. Let f be w(8). Let a be 4/6 - 62/(-6). Calculate the greatest common factor of f and a.
11
Let i(f) = -4*f - 22. Let n be i(-8). Suppose a + 2*y = 28, -56 = -5*a + 3*y + 97. What is the greatest common factor of a and n?
10
Suppose 60 = 3*x - x. Suppose 2*m = -d + 1 + 7, -25 = -4*d - m. Calculate the highest common divisor of x and d.
6
Let d(l) = -l + 42. Let b be d(15). Calculate the greatest common divisor of 243 and b.
27
Let c(n) = -6*n + 5. Let f be c(-5). Suppose f = 3*s + 2*s. Suppose s = 2*j - 23. What is the greatest common divisor of 15 and j?
15
Suppose -2*n + 3*a = -73, 3*a = 3*n + 2*a - 106. Suppose k + 8 = n. What is the greatest common factor of k and 3?
3
Suppose 4*c - 2*s = -2, 5*c - 2*c + 4 = 2*s. Suppose 5*a = -5, 44 = -v + c*a + 154. What is the highest common factor of 12 and v?
12
Let r be -14 + 10 - (-8 - -1). What is the highest common divisor of 24 and r?
3
Suppose -12 - 2 = -2*t. Let h = 13 - t. Let n be 10 + 3*4/h. Calculate the greatest common factor of 12 and n.
12
Suppose u - 1 = -2. Let f(l) = -3*l**3 + l. Let b be f(u). Suppose 4*v = 4*p + 112, -4*v - b*p + 110 = -5*p. Calculate the greatest common factor of v and 13.
13
Let b(l) = 2*l**2 - 5*l. Let x be b(4). Let a be 30/9 - (-4)/6. Let k(m) = 3*m - 6. Let g be k(a). What is the greatest common divisor of g and x?
6
Let b(r) = r. Let m be b(3). Let z = 49 - 29. Let i be 21/2*z/m. Calculate the highest common divisor of i and 10.
10
Suppose -v - 3*g = -84, 0 = 5*v + 3*g - 0*g - 372. What is the highest common factor of 8 and v?
8
Let m be 3*((-3)/9 - -2). Suppose 2*g - 3 = 5*y, -2*y = 5*g - 7*y. Let w be (g - (2 + 7))/(-1). What is the greatest common factor of m and w?
5
Suppose -4*j + 2*j = -6. Let u = -5 + 9. Suppose u*r - 112 = -j*o, 0*o - 3*o + 2*r = -124. Calculate the highest common factor of o and 100.
20
Let t(d) = -d**2 + 14*d + 11. Let a be t(5). What is the greatest common divisor of a and 16?
8
Let x be (-5 + 2)*70/(-3). Calculate the greatest common factor of 10 and x.
10
Suppose 12 = -4*b + 10*b. What is the highest common factor of b and 5?
1
Let d = 3 - 0. Suppose -32 = -d*r + r. Let t(a) = -2*a**3 - 2*a**2 + a + 2. Let n be t(-2). What is the greatest common factor of n and r?
8
Suppose -3*l + 0 + 6 = 0. Suppose -4*c - 4*f - 56 = -5*c, 5*f + 97 = l*c. Let z = -1 - -10. What is the greatest common divisor of c and z?
9
Suppose 0*m - 692 = -2*o - 2*m, 12 = 4*m. What is the highest common divisor of o and 49?
49
Let k be 1*-2*-1 - -8. Let d(r) = -r**3 - 5*r**2 - 7*r - 5. Let q be d(-5). Suppose 0*c = -3*c + q. Calculate the highest common factor of k and c.
10
Suppose -12*n + 11*n + 12 = 0. Calculate the greatest common divisor of n and 96.
12
Let q = 14 - -2. Let a(j) = j + 7. Let p be a(-5). Suppose -5*u = -p*b - 20, 4*u - 5*b = 48 - 15. Calculate the highest common divisor of u and q.
2
Suppose -5*o = -340 - 410. Suppose 4*a - o = 66. Let f be a/(-3)*8/(-6). What is the greatest common factor of 8 and f?
8
Let p = -66 + 142. Suppose -4*m + 29 = -47. What is the greatest common divisor of m and p?
19
Suppose 59 + 49 = 4*v. What is the highest common di